0*j + 2*j. What is the units digit of w(-5)?
8
Suppose 18*s - 732 = 15*s. Suppose 10*y - 5*y + 4*z - s = 0, 3*y - z = 160. What is the units digit of y?
2
Let s = 2418 - 1275. Suppose u + s = 10*u. What is the units digit of u?
7
Suppose -3*k + 70 = -4*u - 1496, 3*u - 2063 = -4*k. What is the hundreds digit of k?
5
Let p(k) = 16*k + 3. Let x(f) = -f - 1. Let h(o) = 2*p(o) - 4*x(o). What is the units digit of h(2)?
2
Let q = 558 - -2684. What is the tens digit of q?
4
Let y(d) = -d**3 + 7*d**2 + 7*d + 8. Let h be y(8). Suppose -8*w + 11*w = h. Suppose -2*r + r + f + 22 = 0, -3*r - 2*f + 56 = w. What is the units digit of r?
0
Let y = -91 - -249. Let q = y - 98. What is the units digit of (-2)/(-12) + 230/q?
4
Suppose -2*j - 4 + 2 = 0. Let g(y) = -36*y + 5. What is the units digit of g(j)?
1
Let k(l) = -48*l + 1. Let m be -1*(3 + -1)*(4 + -2). What is the units digit of k(m)?
3
Let d(u) = u**3 + 2*u**2 - 14*u + 11. Let a be d(-5). Suppose 3*z + a = 0, -4*r + z + 612 = -3*z. What is the hundreds digit of r?
1
Suppose 4*q = 54 - 18. Suppose -96 = -q*f + 5*f. What is the tens digit of f?
2
Let z(x) = 8*x - 13. Let g(p) = 9*p - 12. Let d(j) = 6*g(j) - 4*z(j). What is the units digit of d(7)?
4
Let m = 42 - -31. Let l be (-42)/(-4)*432/252. Suppose 0 = -2*w - a + m, 0 = -2*a - l + 8. What is the units digit of w?
9
Let k(w) = -w**2 + 16*w - 19. Let h be k(8). Suppose -h = -t + 3*v, 24 = t - 2*v - 23. What is the tens digit of t?
5
Suppose 2*b - 2*t = 38, t - 5*t - 6 = b. Let f = -13 + b. What is the units digit of f?
1
Let a = -6 - -9. Let o = 5 - a. Suppose 0 = q - 6*q - o*m + 120, -96 = -4*q + 4*m. What is the tens digit of q?
2
Let b(w) be the first derivative of 13*w**2 - 5*w - 23. What is the tens digit of b(4)?
9
Suppose -4*l - 401 + 1965 = 0. What is the tens digit of l?
9
Suppose 0 = -4*m - 6 + 14. Suppose 4*z + 133 = -4*g - 43, -3*g + 78 = -m*z. Let b = 64 + z. What is the tens digit of b?
2
Let n = 257 + -468. Let z = n + 395. What is the tens digit of z?
8
Let o = -12 - -12. Suppose o*l + 2*l = 14. Suppose 13 = v - l. What is the tens digit of v?
2
Suppose -b + 7*b = -48. Suppose 0 = -n, -3*n + 33 - 10 = s. Let v = b + s. What is the units digit of v?
5
Let h(o) = -o**2 - 7*o - 13. Let u be h(-6). What is the tens digit of (-423)/u + (-21)/49?
6
Suppose -234 = 2*l - 2*i - 2*i, i - 558 = 5*l. Let p = l - -186. What is the tens digit of p?
7
Suppose -4*j + 5*c = -706, -2*c - 171 = -j + 2*c. What is the hundreds digit of j?
1
Suppose 2*l - 23 = l. Let d(c) = -6*c**2 + c + 1. Let g be d(-1). Let i = l + g. What is the units digit of i?
7
Suppose -v + 2*v - 121 = 0. Let a = v - 82. Let s = 62 - a. What is the tens digit of s?
2
Let o be 26 + -3 + (-1 - 1). Suppose -o*g - 570 = -26*g. What is the units digit of g?
4
Suppose 7*u = 12*u + 5. What is the units digit of 4 + (-3)/(0 - u)?
1
Suppose 10*l = -9*l + 57. Suppose -4*h = -4*x - 0*x + 28, l*h = -x + 3. What is the units digit of x?
6
Let y(s) = 5*s + 10. Let k be y(19). Suppose 11*d - k = 6*d. What is the tens digit of d?
2
Suppose 0 = 2*u - u + 43. Let r = -23 - u. What is the tens digit of r?
2
Suppose -3*v - 311 = -4*k - 22, 0 = -3*k + 2*v + 218. What is the tens digit of k?
7
Let g = 0 - -67. Suppose -14*j = -19*j - 235. Let c = j + g. What is the units digit of c?
0
Let h(j) = 2*j**2 - 3*j + 5. Let l be -3*((-14)/(-6) - 3). What is the units digit of h(l)?
7
Suppose 3*h = 8*h - 25, 5*h - 213 = -p. What is the hundreds digit of p?
1
Let m = -34 + 38. Suppose 7 - 115 = -m*f. What is the tens digit of f?
2
Suppose -3*r + 4 = w - 4, w + 6 = 4*r. Suppose -4*c - 18 = -n, -22 = -n + 7*c - r*c. Let h = n + 6. What is the units digit of h?
8
Suppose 6*c - 3*c - 12 = 0. Suppose c*m = -3*v + 3 + 6, 5*v - 5*m = 15. Suppose -2*b = v*b - 85. What is the tens digit of b?
1
What is the hundreds digit of (369/(-6))/(13/(-130))?
6
Let o(d) = d**2 + 0 + 9*d + 1 + 0*d**2 - 9. Let g(p) = 3*p**2 + 17*p - 16. Let s(r) = -2*g(r) + 5*o(r). What is the tens digit of s(8)?
1
Suppose 2*m = -2*m + 16. Suppose -2*c + m*h + 16 = 0, -3*c + h + 1 + 3 = 0. Suppose c = 12*j - 15*j + 45. What is the units digit of j?
5
Suppose 0 = -v + 2*v - 3*o - 20, -5*v - 4*o = -138. Suppose 4*s = -4*h + 8, 0*s = -2*h + 3*s - 6. Suppose h*q = q - v. What is the units digit of q?
6
Let h be 1/3 - -123*(-144)/(-81). Suppose -7*i = -1556 + h. What is the units digit of i?
1
Suppose -219 = 4*d + 185. Let o = 221 + d. Suppose -4*t + 120 = 4*k, 4*t - o = 5*k - 0. What is the tens digit of t?
3
Suppose 5*q + 21 - 250 = -4*g, -5*g - 5*q = -290. Suppose -i + g = -58. What is the units digit of i?
9
Let p(i) = -156*i + 38. Let t be p(-6). Suppose 4*f + 38 - t = 0. What is the units digit of f?
4
Suppose -5*l = -4*p - 19, 2*p - 2 = -l - 1. Let z(h) = h - 2*h + 0 - h**l + 5 - 8*h**2 - h. What is the tens digit of z(-8)?
2
Let b(m) = -2*m**3 - 25*m**2 + 13*m + 9. What is the units digit of b(-14)?
5
Let n(i) = i**3 + 10*i**2 - 4*i - 15. Let u = 20 - 30. What is the units digit of n(u)?
5
Let z(l) = 60*l - 11 + 2*l**2 - 130*l + 65*l. What is the units digit of z(5)?
4
Suppose -2*y = 4*n - 322, y - 98 - 62 = -3*n. Let i = y - 2. What is the units digit of i?
1
Suppose 5*w + 31 = 126. Let o = 16 + w. What is the units digit of ((-42)/(-10))/(7/o)?
1
Let k = -82 - -153. Suppose 0 = 2*a - v - 45 + 16, 5*a - v = k. What is the units digit of a?
4
Suppose -2*y = -0*w - 2*w + 436, -y - 1090 = -5*w. Suppose -5*d + 3*h = -h - 374, 3*d = -4*h + w. What is the tens digit of d?
7
Let t = 8 - 4. Suppose b = -m + 3, -m + t*b = b - 7. Suppose m*u = 5*u - 16. What is the units digit of u?
6
Let u = 1077 - 651. What is the units digit of u?
6
Let h(t) be the third derivative of -3*t**4/8 - t**3/6 + 7*t**2. What is the tens digit of h(-4)?
3
Suppose 6*m = 7*m + 3*d - 20, -m + d = 0. What is the units digit of m?
5
Let r(z) = 2*z**2 - 11*z - 8. Let h(c) = -c**3 - 2*c**2 + c + 2. Let j be h(-4). Suppose 10 = 5*t - j. What is the units digit of r(t)?
2
Suppose 0 = -5*i - 20, 4*i - 176 = r - 1296. What is the hundreds digit of r?
1
Let a(x) = x**2 - 4*x + 1. Let u be a(4). Let h = u - -60. What is the units digit of h?
1
Suppose l + z = -2*l + 583, -z - 593 = -3*l. Suppose 0*c - 2*c = 4*w - l, 4*w = -c + 102. What is the tens digit of c?
9
Suppose 2*z = 4*v - 1122, 2*z - 467 - 392 = -3*v. What is the hundreds digit of v?
2
Let d(i) = -54*i - 4. Suppose 5*v = -2*h + 6*h - 2, 2 = -3*h + 2*v. Let n be d(h). Suppose 4*t - n = 96. What is the tens digit of t?
5
Suppose 20 = -4*p, -5*p + 10565 = 4*j - 2214. What is the hundreds digit of j?
2
Let r = -65 - -65. Suppose 3*x + x - 104 = r. What is the units digit of x?
6
Let w(k) = -k**2 + 6*k. Let x be w(6). Suppose x = 2*b - 4*v - 72, -5*v = 2*b - v - 32. What is the units digit of b?
6
Suppose -3*z - a = -7*z + 19, -2*z - 3*a - 1 = 0. Suppose 12 = 3*w, 3*y - z*w = -6*w + 533. What is the tens digit of y?
7
Let c(y) = -23*y**2 + 16*y - 24*y**2 - y**3 + 31*y**2 + 9. What is the units digit of c(-17)?
6
Let z = 28 - -421. What is the hundreds digit of z?
4
Suppose 10*o - 11*o + 11 = 0. Suppose -5*v - o + 1 = 0. Let m = v + 8. What is the units digit of m?
6
Suppose -7*w = -5*w + 5*c - 4857, -3*w = -2*c - 7238. What is the hundreds digit of w?
4
Suppose 3*o - 4*n + 3 = 18, -o + 5*n - 6 = 0. Suppose -2*m = -3*z - 4, 5*m - 28 = 3*z - o. Suppose z*l - 2 - 4 = 0. What is the units digit of l?
3
Let p = -75 - -449. What is the units digit of p?
4
Suppose 5456 = 4*o - 4*i, 8*i - 9*i = -2*o + 2728. What is the hundreds digit of o?
3
Let w(n) = 120*n**2 - n - 13. What is the thousands digit of w(-4)?
1
Let q(f) = 2*f**2 + 5*f - 9. Let d be q(-5). Let y = -14 + d. What is the units digit of y?
2
Let g = -12 - -16. Let b = g + 1. Suppose 0 = -b*o + 9*o - 60. What is the tens digit of o?
1
Suppose 183 + 457 = 4*p. What is the units digit of 1 + -4 + p + -1?
6
Suppose 11*l + 115 = 16*l. What is the units digit of l?
3
Let m = 68 - -195. What is the units digit of m?
3
Let n(f) = -1 + 4 + 5 + 8*f - 6. Let y be n(5). What is the tens digit of (-72)/14*y/(-9)?
2
Let r(u) = -2*u**3 - 2*u**2 - 2*u + 1. Suppose -11 + 15 = -2*t. Let b be r(t). Suppose w = b + 17. What is the tens digit of w?
3
Suppose -4*v = -3*v - 25. Suppose 3*p - 114 = -3*p.